{"id":1222,"date":"2017-01-20T02:28:46","date_gmt":"2017-01-20T02:28:46","guid":{"rendered":"http:\/\/www.eusar.com.ar\/?page_id=1222"},"modified":"2017-02-08T12:38:44","modified_gmt":"2017-02-08T12:38:44","slug":"green-building","status":"publish","type":"page","link":"\/index.php\/green-building\/","title":{"rendered":"Green Building"},"content":{"rendered":"<p>[vc_row][vc_column]<div class=\"columns_wrap sc_columns columns_nofluid sc_columns_count_4 column_service\" style=\"margin-top:0.95em;\"><div class=\"column-1_4 sc_column_item sc_column_item_1 odd first\">[vc_widget_sidebar sidebar_id=\u00bbsidebar_custom_0&#8243;]<\/div><div class=\"column-3_4 sc_column_item sc_column_item_2 even span_3\"><figure class=\"sc_image  sc_image_shape_square\" style=\"max-height: 428px;\"><img decoding=\"async\" src=\"http:\/\/www.eusar.com.ar\/wp-content\/uploads\/2017\/01\/19-green.jpg\" alt=\"\" \/><\/figure><h3 class=\"sc_title sc_title_regular\" style=\"line-height: 1.45em;margin-top:1.05em;margin-bottom:0.8em;\">Soluciones<\/h3>[vc_column_text]<b>EUS Argentina Asesora en soluciones de edificaci\u00f3n sustentable y mejoras con eficiencia energ\u00e9tica. <\/b><\/p>\n<p>En el sector de la construcci\u00f3n, el concepto Green Engineering se ha venido implementando con la construcci\u00f3n de Green Buildings <i>(Edificios Verdes), <\/i>debido a que las edificaciones construidas de forma tradicional realizan un consumo significativo de recursos y por lo tanto son generadoras de cantidades importantes de CO2, en particular por los sistemas de aire acondicionado y la iluminaci\u00f3n.<\/p>\n<p>Green Building busca reducir el consumo energ\u00e9tico (para acondicionamiento t\u00e9rmico e iluminaci\u00f3n, entre otros) y de agua potable (para usos sanitarios, de acondicionamiento y para riego), moderando el uso de materiales y recursos, e incorporando fuentes de energ\u00eda renovable.<\/p>\n<p>&nbsp;<\/p>\n<h5>EUS Argentina trabaja en conjunto con alianzas estrat\u00e9gicas internacionales con tecnolog\u00edas de punta.<\/h5>\n<p>[\/vc_column_text]<\/div><\/div>[\/vc_column][\/vc_row]<\/p>\n","protected":false},"excerpt":{"rendered":"<p>[vc_row][vc_column][\/vc_column][\/vc_row]<\/p>\n","protected":false},"author":1,"featured_media":0,"parent":0,"menu_order":0,"comment_status":"closed","ping_status":"closed","template":"","meta":{"footnotes":""},"class_list":["post-1222","page","type-page","status-publish","hentry"],"_links":{"self":[{"href":"\/index.php\/wp-json\/wp\/v2\/pages\/1222","targetHints":{"allow":["GET"]}}],"collection":[{"href":"\/index.php\/wp-json\/wp\/v2\/pages"}],"about":[{"href":"\/index.php\/wp-json\/wp\/v2\/types\/page"}],"author":[{"embeddable":true,"href":"\/index.php\/wp-json\/wp\/v2\/users\/1"}],"replies":[{"embeddable":true,"href":"\/index.php\/wp-json\/wp\/v2\/comments?post=1222"}],"version-history":[{"count":5,"href":"\/index.php\/wp-json\/wp\/v2\/pages\/1222\/revisions"}],"predecessor-version":[{"id":1437,"href":"\/index.php\/wp-json\/wp\/v2\/pages\/1222\/revisions\/1437"}],"wp:attachment":[{"href":"\/index.php\/wp-json\/wp\/v2\/media?parent=1222"}],"curies":[{"name":"wp","href":"https:\/\/api.w.org\/{rel}","templated":true}]}}