{"id":1070,"date":"2016-12-26T03:40:38","date_gmt":"2016-12-26T03:40:38","guid":{"rendered":"http:\/\/www.eusar.com.ar\/?page_id=1070"},"modified":"2017-01-20T02:18:43","modified_gmt":"2017-01-20T02:18:43","slug":"ingenieria-electrica","status":"publish","type":"page","link":"\/index.php\/servicios\/ingenieria-electrica\/","title":{"rendered":"Ingenier\u00eda El\u00e9ctrica"},"content":{"rendered":"<p>[vc_row][vc_column]<div class=\"columns_wrap sc_columns columns_nofluid sc_columns_count_4 column_service\" style=\"margin-top:0.95em;\"><div class=\"column-1_4 sc_column_item sc_column_item_1 odd first\">[vc_widget_sidebar sidebar_id=\u00bbsidebar_custom_0&#8243;]<\/div><div class=\"column-3_4 sc_column_item sc_column_item_2 even span_3\"><figure class=\"sc_image  sc_image_shape_square\" style=\"max-height: 428px;\"><img decoding=\"async\" src=\"http:\/\/www.eusar.com.ar\/wp-content\/uploads\/2016\/12\/17-ingenieria.jpg\" alt=\"\" \/><\/figure><h3 class=\"sc_title sc_title_regular\" style=\"line-height: 1.45em;margin-top:1.05em;margin-bottom:0.8em;\">Soluciones<\/h3>[vc_column_text]Nuestro staff de profesionales altamente capacitado nos permite ofrecer soluciones innovadoras, servicios de ingenier\u00eda el\u00e9ctrica y electr\u00f3nica, incluyendo ingenier\u00eda b\u00e1sica y de detalle, ingenier\u00eda inversa, estimaci\u00f3n de costos y servicios de consultor\u00eda especializados, especificaci\u00f3n de componentes y servicios de seguimiento para sus propios proyectos.[\/vc_column_text]<div id=\"sc_tabs_2114265809\" class=\"sc_tabs sc_tabs_style_1\" style=\"margin-top:2.7em;margin-bottom:2.65em;\" data-active=\"0\"><ul class=\"sc_tabs_titles\"><li class=\"sc_tabs_title first\"><a href=\"#ingenieria-1\" class=\"theme_button\" id=\"ingenieria-1_tab\">Sistemas el\u00e9ctricos<\/a><\/li><\/ul><div id=\"ingenieria-1\" class=\"sc_tabs_content odd first\">[vc_column_text]<\/p>\n<ul>\n<li><strong>Subestaciones y transformadores:<\/strong>\u00a0 para media tensi\u00f3n<\/li>\n<li><strong>Tableros de distribuci\u00f3n y cableado<\/strong><\/li>\n<\/ul>\n<p>[\/vc_column_text]<\/div><\/div><h3 class=\"sc_title sc_title_regular\" style=\"line-height: 1.45em;margin-top:1.05em;margin-bottom:0.8em;\">Servicios<\/h3>[vc_column_text]Ofrecemos soluciones y servicios a industrias con resultados de alto rendimiento. Nos enfocamos en dar respuesta eficiente a nuestros clientes, trabajando para mejorar la calidad de sus activos e instalaciones.<\/p>\n<p>Nuestras actividades se desarrollan en las \u00e1reas de automatizaci\u00f3n y control, montaje el\u00e9ctrico, mantenimiento de activos, desarrollos de software y hardware dedicados.[\/vc_column_text]<div id=\"sc_tabs_809512812\" class=\"sc_tabs sc_tabs_style_1\" style=\"margin-top:2.7em;margin-bottom:2.65em;\" data-active=\"0\"><ul class=\"sc_tabs_titles\"><li class=\"sc_tabs_title first\"><a href=\"#calidad-4\" class=\"theme_button\" id=\"calidad-4_tab\">Consultor\u00eda<\/a><\/li><li class=\"sc_tabs_title\"><a href=\"#calidad-5\" class=\"theme_button\" id=\"calidad-5_tab\">Ingenier\u00eda<\/a><\/li><li class=\"sc_tabs_title last\"><a href=\"#calidad-6\" class=\"theme_button\" id=\"calidad-6_tab\">Soporte T\u00e9cnico y Mantenimiento<\/a><\/li><\/ul><div id=\"calidad-4\" class=\"sc_tabs_content odd first\">[vc_column_text]<\/p>\n<ul>\n<li><strong>Estudios de valoraci\u00f3n del sistema el\u00e9ctrico:<\/strong> detecci\u00f3n de riesgos y oportunidades de mejora<\/li>\n<li><strong>Estudios de viabilidad<\/strong> para proyectos de cambio a suministro en media tensi\u00f3n:\u00a0 inversi\u00f3n estimada y retorno<\/li>\n<li><strong>Estudios termogr\u00e1ficos<\/strong><\/li>\n<\/ul>\n<p>[\/vc_column_text]<\/div><div id=\"calidad-5\" class=\"sc_tabs_content even\">[vc_column_text]<\/p>\n<ul>\n<li><strong>Generaci\u00f3n de diagramas unifilares:<\/strong> en instalaciones nuevas y existentes<\/li>\n<li><strong>Dise\u00f1o a la medida, gesti\u00f3n e implementaci\u00f3n<\/strong> de proyectos llave en mano:<\/li>\n<li><strong>Generaci\u00f3n de la instalaci\u00f3n el\u00e9ctrica<\/strong> en sitios nuevos<\/li>\n<li><strong>Renovaci\u00f3n de instalaciones el\u00e9ctricas<\/strong> antiguas o en mal estado<\/li>\n<li><strong>Cambios a suministro<\/strong> en media tensi\u00f3n, incluyendo gestor\u00eda y obra civil<\/li>\n<\/ul>\n<p>[\/vc_column_text]<\/div><div id=\"calidad-6\" class=\"sc_tabs_content odd\">[vc_column_text]<\/p>\n<ul>\n<li>Asistencia telef\u00f3nica y visitas t\u00e9cnicas<\/li>\n<li>Planes de mantenimiento preventivo y servicios de mantenimiento correctivo<\/li>\n<\/ul>\n<p>[\/vc_column_text]<\/div><\/div><\/div><\/div>[\/vc_column][\/vc_row]<\/p>\n","protected":false},"excerpt":{"rendered":"<p>[vc_row][vc_column][\/vc_column][\/vc_row]<\/p>\n","protected":false},"author":1,"featured_media":0,"parent":1044,"menu_order":0,"comment_status":"closed","ping_status":"closed","template":"","meta":{"footnotes":""},"class_list":["post-1070","page","type-page","status-publish","hentry"],"_links":{"self":[{"href":"\/index.php\/wp-json\/wp\/v2\/pages\/1070","targetHints":{"allow":["GET"]}}],"collection":[{"href":"\/index.php\/wp-json\/wp\/v2\/pages"}],"about":[{"href":"\/index.php\/wp-json\/wp\/v2\/types\/page"}],"author":[{"embeddable":true,"href":"\/index.php\/wp-json\/wp\/v2\/users\/1"}],"replies":[{"embeddable":true,"href":"\/index.php\/wp-json\/wp\/v2\/comments?post=1070"}],"version-history":[{"count":2,"href":"\/index.php\/wp-json\/wp\/v2\/pages\/1070\/revisions"}],"predecessor-version":[{"id":1220,"href":"\/index.php\/wp-json\/wp\/v2\/pages\/1070\/revisions\/1220"}],"up":[{"embeddable":true,"href":"\/index.php\/wp-json\/wp\/v2\/pages\/1044"}],"wp:attachment":[{"href":"\/index.php\/wp-json\/wp\/v2\/media?parent=1070"}],"curies":[{"name":"wp","href":"https:\/\/api.w.org\/{rel}","templated":true}]}}