{"id":1042,"date":"2016-12-26T02:59:47","date_gmt":"2016-12-26T02:59:47","guid":{"rendered":"http:\/\/www.eusar.com.ar\/?page_id=1042"},"modified":"2017-01-20T01:53:26","modified_gmt":"2017-01-20T01:53:26","slug":"gestion-de-energia-y-recursos","status":"publish","type":"page","link":"\/index.php\/servicios\/gestion-de-energia-y-recursos\/","title":{"rendered":"Gesti\u00f3n de Energ\u00eda y Recursos"},"content":{"rendered":"<p>[vc_row][vc_column]<div class=\"columns_wrap sc_columns columns_nofluid sc_columns_count_4 column_service\" style=\"margin-top:0.95em;\"><div class=\"column-1_4 sc_column_item sc_column_item_1 odd first\">[vc_widget_sidebar sidebar_id=\u00bbsidebar_custom_0&#8243;]<\/div><div class=\"column-3_4 sc_column_item sc_column_item_2 even span_3\"><figure class=\"sc_image  sc_image_shape_square\" style=\"max-height: 428px;\"><img decoding=\"async\" src=\"http:\/\/www.eusar.com.ar\/wp-content\/uploads\/2016\/12\/12-gestion.jpg\" alt=\"\" \/><\/figure><h3 class=\"sc_title sc_title_regular\" style=\"line-height: 1.45em;margin-top:1.05em;margin-bottom:0.8em;\">Soluciones<\/h3>[vc_column_text]La gesti\u00f3n energ\u00e9tica consiste en la optimizaci\u00f3n en el uso de la energ\u00eda buscando un uso racional y eficiente, sin disminuir el nivel de prestaciones. A trav\u00e9s de la gesti\u00f3n energ\u00e9tica se detectan oportunidades de mejora en aspectos relacionados con la calidad y seguridad del sistema energ\u00e9ticos, logrando que los usuarios conozcan el sistema, identifiquen los puntos consumidores e implanten mejoras, alcanzando altos niveles de eficiencia energ\u00e9tica.[\/vc_column_text]<div id=\"sc_tabs_787729879\" class=\"sc_tabs sc_tabs_style_1\" style=\"margin-top:2.7em;margin-bottom:2.65em;\" data-active=\"0\"><ul class=\"sc_tabs_titles\"><li class=\"sc_tabs_title first\"><a href=\"#gestion-1\" class=\"theme_button\" id=\"gestion-1_tab\">Monitoreo web<\/a><\/li><li class=\"sc_tabs_title last\"><a href=\"#gestion-2\" class=\"theme_button\" id=\"gestion-2_tab\">Control Autom\u00e1tico<\/a><\/li><\/ul><div id=\"gestion-1\" class=\"sc_tabs_content odd first\">[vc_column_text]<\/p>\n<ul>\n<li><strong>Energ\u00eda el\u00e9ctrica:<\/strong> consumo, demanda y factor de potencia<\/li>\n<li><strong>Recursos:<\/strong> agua, gas, vapor, aire comprimido, combustible, entre otros<\/li>\n<li><strong>Variables anal\u00f3gicas:<\/strong> temperatura, nivel, flujo, status ON\/OFF, entre otras<\/li>\n<li><strong>M\u00faltiples sedes:<\/strong> centralizaci\u00f3n y consolidaci\u00f3n de datos en un mismo sistema<\/li>\n<li><strong>Submediciones:\u00a0<\/strong> por secciones o por equipos, para prorrateo de costos<\/li>\n<\/ul>\n<p>[\/vc_column_text]<\/div><div id=\"gestion-2\" class=\"sc_tabs_content even\">[vc_column_text]<\/p>\n<ul>\n<li><strong>De equipos:<\/strong> encendido y apagado por horario y por demanda<\/li>\n<li><strong>Del factor de potencia:<\/strong> automatizaci\u00f3n de los bancos de capacitores<\/li>\n<\/ul>\n<p>[\/vc_column_text]<\/div><\/div><h3 class=\"sc_title sc_title_regular\" style=\"line-height: 1.45em;margin-top:1.05em;margin-bottom:0.8em;\">Servicios<\/h3><div id=\"sc_tabs_143899019\" class=\"sc_tabs sc_tabs_style_1\" style=\"margin-top:2.7em;margin-bottom:2.65em;\" data-active=\"0\"><ul class=\"sc_tabs_titles\"><li class=\"sc_tabs_title first\"><a href=\"#gestion-3\" class=\"theme_button\" id=\"gestion-3_tab\">Consultor\u00eda<\/a><\/li><li class=\"sc_tabs_title\"><a href=\"#gestion-4\" class=\"theme_button\" id=\"gestion-4_tab\">Ingenier\u00eda<\/a><\/li><li class=\"sc_tabs_title last\"><a href=\"#gestion-5\" class=\"theme_button\" id=\"gestion-5_tab\">Soporte T\u00e9cnico y Mantenimiento<\/a><\/li><\/ul><div id=\"gestion-3\" class=\"sc_tabs_content odd first\">[vc_column_text]<strong>EUS Argentina<\/strong>\u00a0est\u00e1 comprometida con el desarrollo de negocios sustentables de largo plazo, al mismo tiempo que minimiza el impacto ambiental de sus operaciones y hace un uso eficiente de los recursos naturales y la energ\u00eda.<\/p>\n<ul>\n<li><strong>Negociaci\u00f3n Contrato de Suministro El\u00e9ctrico<\/strong><\/li>\n<li><strong>An\u00e1lisis de consumos:<\/strong> de electricidad, agua, etc\u00e9tera, a partir de un sistema de monitoreo web<\/li>\n<li><strong>Consultor\u00edas especializadas:<\/strong> para necesidades espec\u00edficas, como generaci\u00f3n de KPIs energ\u00e9ticos, entre otras<\/li>\n<li><strong>Capacitaci\u00f3n y asesor\u00eda:<\/strong>\u00a0 para llevar una buena gesti\u00f3n de los recursos y aprovechar las herramientas<\/li>\n<li><strong>Gesti\u00f3n de recursos operada por ingenieros de EUS Argentina:<\/strong> servicio dirigido a empresas con m\u00faltiples sedes.<\/li>\n<\/ul>\n<p>[\/vc_column_text]<\/div><div id=\"gestion-4\" class=\"sc_tabs_content even\">[vc_column_text]<\/p>\n<ul>\n<li><strong>Dise\u00f1o de proyectos a la medida:\u00a0<\/strong>con evaluaci\u00f3n de diferentes alternativas<\/li>\n<li><strong>Gesti\u00f3n e implementaci\u00f3n<\/strong> de proyectos llave en mano<\/li>\n<\/ul>\n<p>[\/vc_column_text]<\/div><div id=\"gestion-5\" class=\"sc_tabs_content odd\">[vc_column_text]<\/p>\n<ul>\n<li>Asistencia telef\u00f3nica y visitas t\u00e9cnicas<\/li>\n<li>Servicios de mantenimiento correctivo<\/li>\n<\/ul>\n<p>[\/vc_column_text]<\/div><\/div><\/div><\/div>[\/vc_column][\/vc_row]<\/p>\n","protected":false},"excerpt":{"rendered":"<p>[vc_row][vc_column][\/vc_column][\/vc_row]<\/p>\n","protected":false},"author":1,"featured_media":0,"parent":1044,"menu_order":0,"comment_status":"closed","ping_status":"closed","template":"","meta":{"footnotes":""},"class_list":["post-1042","page","type-page","status-publish","hentry"],"_links":{"self":[{"href":"\/index.php\/wp-json\/wp\/v2\/pages\/1042","targetHints":{"allow":["GET"]}}],"collection":[{"href":"\/index.php\/wp-json\/wp\/v2\/pages"}],"about":[{"href":"\/index.php\/wp-json\/wp\/v2\/types\/page"}],"author":[{"embeddable":true,"href":"\/index.php\/wp-json\/wp\/v2\/users\/1"}],"replies":[{"embeddable":true,"href":"\/index.php\/wp-json\/wp\/v2\/comments?post=1042"}],"version-history":[{"count":8,"href":"\/index.php\/wp-json\/wp\/v2\/pages\/1042\/revisions"}],"predecessor-version":[{"id":1214,"href":"\/index.php\/wp-json\/wp\/v2\/pages\/1042\/revisions\/1214"}],"up":[{"embeddable":true,"href":"\/index.php\/wp-json\/wp\/v2\/pages\/1044"}],"wp:attachment":[{"href":"\/index.php\/wp-json\/wp\/v2\/media?parent=1042"}],"curies":[{"name":"wp","href":"https:\/\/api.w.org\/{rel}","templated":true}]}}